 What is the units digit of s?
0
Let r = 64 - 43. What is the units digit of r?
1
Let d = 31 + -48. Let v = -3 - d. What is the units digit of v?
4
Suppose -5*g + j + 57 = 0, 2*g + 0*j - j - 21 = 0. Suppose -2*a - 4 + g = 0. Let r(d) = d**3 - 3*d**2 - 3*d + 6. What is the tens digit of r(a)?
1
Let z(r) = -r**2 + 14. Let a(o) = -o + 1. Let d(t) = 5*a(t) - z(t). What is the units digit of d(7)?
5
Suppose 13 - 1 = 2*w. Suppose k + w = 3*k. What is the units digit of k?
3
Suppose -z + 9 + 11 = 0. Suppose 5*o - 3*o = z. What is the tens digit of o?
1
Suppose a - 5*a = 24. Let m be (5 + -2)*(-2)/a. What is the units digit of 1*(m + 0)*5?
5
Suppose -5*l + l = 40. Let d be (-172)/l + (-1)/5. Suppose -5*c = -8 - d. What is the units digit of c?
5
Suppose -3*q - 7 + 19 = 0, 2*h - 24 = -3*q. Suppose -c + 2*a = -16, h*c + 5*a = 3*c + 37. Suppose 3*k = z + k - c, -2*k - 10 = 0. What is the units digit of z?
4
Let g = -5 + 10. Let s = 10 - g. What is the units digit of s?
5
Let c = -35 + 21. Let i = -9 - c. Suppose -30 = -i*o - 0*o. What is the units digit of o?
6
Let h(y) = -y**3 - 8*y**2 - 11*y - 6. Let l be (-88)/12 - (-1)/3. What is the units digit of h(l)?
2
Let w(a) = -7*a - 3. Suppose 0*l + l = -3. Let b be w(l). What is the units digit of 3/(-1)*(-12)/b?
2
Let d be ((-4)/5)/((-8)/60). Suppose -3*w - 81 = -d*w. What is the units digit of w?
7
Suppose -7*u = -3*u - 104. What is the units digit of u?
6
Suppose -25 = -5*u + 5*n - 0*n, -n + 4 = 0. What is the units digit of u?
9
Let v(p) = -10 - 2*p - 4*p + 2*p. What is the tens digit of v(-6)?
1
Let n(v) = 5 + v + 1 - 2*v. Let o be n(10). Let d = o - -5. What is the units digit of d?
1
Suppose 3*z - 4*z = 0. Let d = z - -3. What is the units digit of d?
3
Let y = 135 - 90. What is the units digit of y?
5
Suppose 4*w - 3*w - 5*h = 0, -4*h = -3*w + 33. What is the units digit of 12/w - (-146)/5?
0
Let c = -5 - -5. Suppose 3*r - 33 = -2*y, -4*y + 2*r - 4*r + 46 = c. What is the units digit of y?
9
Suppose -5*k = 5*s - 25, k + 4*s - 8 = -0*k. Let i be (k*1)/((-2)/4). What is the units digit of -2 - (-1)/((-2)/i)?
2
Suppose -7 = -3*d + 2. Let w be 1*0/3 + d. What is the units digit of -6*((-5)/w + 1)?
4
What is the units digit of (-338)/52*(-25 + -1)?
9
Let y(f) = -f**2 + f + 4. Let h be y(0). Suppose -5*r + h = 19. What is the units digit of 9/(-4)*8/r?
6
Let w = 1 - 3. Let m = 15 - w. What is the tens digit of m?
1
Suppose 3*c - 2 - 4 = 0. Suppose -85 = -c*w + 75. Suppose w = 2*h + 3*h. What is the tens digit of h?
1
Let g(u) = u**3 - 14*u**2 + 18*u - 6. What is the units digit of g(13)?
9
Let t(r) = -r**2 - 9*r + 14. What is the tens digit of t(-6)?
3
What is the units digit of 1 + (-14)/8 + 47/4?
1
Suppose -109 - 23 = -3*g. Suppose 5*a - 80 = -4*j - j, -4*j + a = -g. What is the units digit of j?
2
Let b = 10 + -5. Suppose b*z - 3*x = 63, 0*x = 4*x - 16. What is the tens digit of z?
1
Let d = -10 - -31. What is the units digit of d?
1
Suppose 6*c = 5*c + 5. Suppose 3*v + 2*v - c = 0. Suppose -3*y - v = 2*n, -2*n - 5*y - 9 - 2 = 0. What is the units digit of n?
7
Let v = 9 - 1. What is the units digit of v?
8
What is the units digit of (1 + (-1)/2)/((-1)/(-232))?
6
Let z(j) be the third derivative of -j**6/120 - 7*j**5/30 - 7*j**4/12 + 5*j**3/2 - 6*j**2. What is the tens digit of z(-13)?
2
Let k(d) = -2*d - 33. What is the units digit of k(-17)?
1
Suppose -3*v = -60 + 12. What is the tens digit of v?
1
Let i(c) = 2*c**2 - 3*c - 7. What is the units digit of i(3)?
2
Let s = 67 + -41. What is the units digit of s?
6
Suppose -5*h - 5*y + 21 + 139 = 0, -h - 5*y = -36. What is the tens digit of h?
3
Let j = -7 + 44. What is the units digit of j?
7
Let x(q) = q**2 - 5*q - 3. Let g be x(7). Suppose 5*h - 4*h - g = 0. Suppose -3*w + h + 4 = 0. What is the units digit of w?
5
Suppose -g + 4*m + 75 = 0, g - m = 33 + 27. Let p = 121 - g. Suppose -h + p = 5*k, 3*k = 5*k - h - 32. What is the tens digit of k?
1
Let g = 977 + -1495. What is the units digit of g/(-63) + (-2)/9?
8
Let v = 606 - 380. What is the tens digit of v?
2
Let y be (2 + -1)*(3 + 2). What is the units digit of 1/y + (-64)/(-5)?
3
Let o = -78 - -112. What is the tens digit of o?
3
Let k = 133 - 87. Suppose 3*q - 5 = k. Let i = -9 + q. What is the units digit of i?
8
Let v = 237 + -115. What is the hundreds digit of v?
1
What is the tens digit of (7 + -2)/(1/2)?
1
Let g(x) = -x - 3. What is the units digit of g(-9)?
6
Let f(m) = m**2 + 20. What is the tens digit of f(0)?
2
What is the tens digit of ((-4)/8)/((-458)/(-460) - 1)?
1
Suppose -2*f + 1 = -1, -3*z + 482 = 2*f. What is the units digit of z?
0
Let g be 1/4 + 30/8. What is the units digit of ((-24)/(-20))/(g/30)?
9
What is the tens digit of 276/(-8)*4/(-6)?
2
Let v(h) = -h**2 - 8*h + 10. Let b = -28 + 20. What is the units digit of v(b)?
0
Let y = -9 + 10. Suppose -q = 0, -4*c - q + y = -3*c. What is the units digit of c?
1
Suppose 0*a - 15 = -5*a. Suppose 0*n = l - 2*n, n = a*l - 10. What is the units digit of (3 + -4)*l*-5?
0
Let w = 2 + -2. Suppose 35 = -w*x - 5*x. Let m(p) = p**2 + 6*p. What is the units digit of m(x)?
7
Let p(k) = -7*k + 3. Let a(o) = -o**2 - 15*o - 3. Let x be a(-15). What is the tens digit of p(x)?
2
Let i(g) = 4*g**3 + 12*g**2. Let c(a) = 3*a**3 + 11*a**2 + a. Let u(v) = -3*c(v) + 2*i(v). What is the tens digit of u(-9)?
2
Let c = -14 + 8. Let k = c + 23. What is the tens digit of k?
1
What is the tens digit of (4 - 64/(-20))*5?
3
Let q = -137 + 246. What is the units digit of q?
9
Let z = -6 + 0. Let i(f) = -6*f - 9. What is the units digit of i(z)?
7
Suppose 0 = -4*x + 8. Suppose 26 = 4*z + 2*d + x, 3*z - 5*d = 5. What is the units digit of z?
5
Suppose 5*v + 258 = 3*b, 0*b = -4*b + 3*v + 344. What is the tens digit of b?
8
Suppose 253 + 467 = 3*o. Suppose 2*j = -3*j + o. What is the units digit of j/28 - 4/(-14)?
2
Let r(x) = -x**2 + 9*x - 10. What is the units digit of r(6)?
8
Let s = -47 + 131. What is the tens digit of s?
8
Let x = 8 + -5. Suppose -28 + 4 = -x*a. What is the units digit of a?
8
Suppose 3*n + 117 = 3*z, 4*n + n = -5*z + 195. What is the units digit of z?
9
Let s be 1/(-1)*-6 + -3. Suppose 5 - s = q. What is the units digit of (0/q - 3) + 5?
2
Let f(k) = -k**3 - 11*k**2 - 10*k + 11. Let z be 6/((-6)/(-2)) - 12. What is the tens digit of f(z)?
1
Suppose -7*d + 35 = -2*d. Suppose -d*y - 3*x + 235 = -2*y, 0 = 3*y + 2*x - 142. What is the tens digit of y?
4
Suppose 0*a = 3*a - 51. Let m be (1 - 1/(-1)) + a. Let l = m + -11. What is the units digit of l?
8
Suppose 3*b - 961 = -5*x, -b + 174 = -5*x - 113. What is the hundreds digit of b?
3
Suppose 9*n - 5*n = 96. What is the tens digit of n?
2
Let i be 8/6*(-90)/(-40). Suppose -z + 136 = i*z. What is the tens digit of z?
3
Suppose -4*j = -j - 489. What is the tens digit of j?
6
Let q be (-18)/(-4 - -2) - 0. Let y = q + -7. Suppose y*h - 28 = -0*h. What is the tens digit of h?
1
Let p be (-6)/3 + 0 + 0. Let m = p - 3. Let r = m - -8. What is the units digit of r?
3
Suppose 4*j + 4*m - 15 - 9 = 0, 2*m + 28 = 2*j. Suppose 0 = 3*n + 2*n - 3*t - 24, -2*n = -t - j. Let x(q) = 3*q - 7. What is the tens digit of x(n)?
1
Let t(x) = -x**3 + 4*x**2 + 5*x + 7. What is the tens digit of t(-3)?
5
Let i(j) = 192*j**2 - 3*j - 3. What is the hundreds digit of i(-1)?
1
Let r = 54 + -41. What is the units digit of r?
3
Let m be 1*(1 - 0)*3. Suppose 5*a = 4*a - 2. Let f = m - a. What is the units digit of f?
5
Let g(u) = 2 + 0 - 8 + 7*u - u**2. Let s(d) = 4*d**2 + d + 1. Let n be s(-1). What is the units digit of g(n)?
6
Let i(a) be the first derivative of -a**3/3 + 5*a**2 + 10*a + 11. What is the units digit of i(10)?
0
What is the units digit of 218/8 - (-15)/20?
8
Let o(n) = -6*n - 1. Let a be o(-1). Let r = 5 - a. Suppose 2*k - 6 = -r*k. What is the units digit of k?
3
Let v(w) = -3 + 7 - w**2 + w - 7*w. Let q be v(-7). What is the units digit of q*((-10)/(-6) + -3)?
4
Suppose -380 = -2*z - 3*z. Suppose -3*s - 72 = -3*q + 3, -2*s = 4*q - z. Suppose -4*v + v = -q. What is the units digit of v?
7
Suppose p - 3*m = -13, 2*p - 2*m + 16 = p. Let z be 4/p - 272/(-44). Suppose -1 + z = 5*h. What is the units digit of h?
1
Let d(n) = n**3 - 7*n**2 - 6. Let l be d(7). Let j(a) be the third derivative of -a**4/12 - a**2. Wha